= -x**3 - 4*x**2 + 5. What is w(-2)?
-3
Let l(f) = f**2 + 22*f + 47. Calculate l(-19).
-10
Let l(n) = -6*n - 109. Calculate l(-18).
-1
Let f(p) = p**3 - 8*p**2 + 7*p - 1. Determine f(7).
-1
Let s(a) = -67*a**2 - 2. What is s(-1)?
-69
Let h(c) = -40*c - 1. Give h(-1).
39
Let q(s) = 6*s**2 + 34*s - 4. Calculate q(-7).
52
Let k(i) = 29*i**2 + i + 1. Give k(-1).
29
Let t(o) = o**2 - 10*o + 17. Calculate t(12).
41
Let t(c) = c**2 + 14*c + 12. Give t(-11).
-21
Let x(q) = -q**3 + 5*q**2 + 6. Determine x(5).
6
Let c(b) = b**3 + 23*b**2 - 3*b - 12. Give c(-23).
57
Let s(g) = g**3 + 5*g**2 + 2*g + 6. Calculate s(-5).
-4
Let o(k) = 5*k**3 + k**2 - 4*k - 5. Give o(-1).
-5
Let a(h) = -h + 4. Determine a(3).
1
Let r(m) = m**3 + m**2 - 71. Calculate r(0).
-71
Let n(l) = -l**3 - 3*l**2 + 12*l + 29. What is n(-5)?
19
Let m(t) = 28*t**2 - t - 1. Calculate m(1).
26
Let o(t) = 2*t + 34. Give o(-15).
4
Let g(s) = s**3 + 11*s**2 - 7*s - 101. Calculate g(-11).
-24
Let p(l) = -l**2 + 8*l - 21. Give p(8).
-21
Let a(v) = v**3 + 4*v**2 - 3. Determine a(-5).
-28
Let u(c) = c + 15. Calculate u(-17).
-2
Let i(m) = -m**2 - 6*m - 3. What is i(-6)?
-3
Let y(f) = 10*f + 108. Determine y(-10).
8
Let a(y) = y**2 + 12*y + 1. What is a(-9)?
-26
Let g(y) = -6*y - 3. What is g(-3)?
15
Let z(h) = 4*h**2 - 3*h + 2. What is z(2)?
12
Let n(f) = -f**3 - 6*f**2 - 3*f + 10. What is n(-5)?
0
Let n(d) = 4*d**2 + 18*d - 66. Determine n(-7).
4
Let c(k) = k - 5. What is c(11)?
6
Let f(t) = -4*t + 22. Calculate f(21).
-62
Let m(g) = 2*g**2 - 13*g - 4. What is m(7)?
3
Let s(a) = -37*a - 449. Calculate s(-12).
-5
Let h(r) = 2*r - 47. What is h(22)?
-3
Let w(i) = i**2 + 2*i - 45. Calculate w(6).
3
Let k(n) = -50*n + 2095. Give k(42).
-5
Let a(q) = q**3 - 10*q**2 + 9*q + 4. Calculate a(9).
4
Let j(l) = 2*l**3 + 8*l**2 + 6*l + 2. What is j(-3)?
2
Let r(o) = 2*o**2 + 4*o + 2. What is r(-3)?
8
Let n(s) = -s**2 + s - 22. Calculate n(0).
-22
Let k(i) = i**3 + 29*i**2 + 101*i + 28. Calculate k(-25).
3
Let n(u) = u - 9. Calculate n(12).
3
Let u(d) = 7*d**2 + 2*d - 1. Give u(-2).
23
Let t(x) = -3*x + 29. What is t(10)?
-1
Let u(a) = a**3 + 8*a**2 - 13*a - 10. Determine u(-9).
26
Let d(o) = 2*o**2 + 2*o - 1. What is d(1)?
3
Let i(m) = -m**3 - 4*m**2 - 8*m + 5. Give i(-4).
37
Let v(m) = -16*m**3 - 95*m**2 + 8*m + 10. Give v(-6).
-2
Let k(o) = -o**3 + 5*o**2 - 3. What is k(5)?
-3
Let p(o) = o + 2. Determine p(5).
7
Let a(s) = -s**2 - 9*s + 8. Give a(-10).
-2
Let d(u) = u**3 - 6*u**2 - 34*u + 119. Give d(8).
-25
Let f(b) = -3*b**2 + b + 1. Give f(2).
-9
Let n(b) = b**3 + 6*b**2 + 2*b + 2. What is n(-6)?
-10
Let z(a) = 18*a + 4. Calculate z(-4).
-68
Let v(p) = -p**3 - 12*p**2 + 4*p + 38. What is v(-11)?
-127
Let m(r) = 3*r**2 - 26*r + 6. Give m(8).
-10
Let z(i) = -4*i - 20. What is z(-2)?
-12
Let k(o) = o**2 - 3*o + 6. What is k(3)?
6
Let a(x) = 3*x + 15. Determine a(-8).
-9
Let t(v) = -18*v - 703. Calculate t(-39).
-1
Let l(g) = -g**3 - 5*g**2 - g + 5. Calculate l(-5).
10
Let d(y) = -y**3 + 38*y**2 + 35*y + 162. Give d(39).
6
Let l(a) = a - 31. Give l(13).
-18
Let o(q) = -q**2 - 2*q + 6. Give o(-6).
-18
Let o(h) = -9*h + 42. Determine o(5).
-3
Let d(c) = -c - 2. What is d(-1)?
-1
Let a(p) = p - 9. Determine a(8).
-1
Let r(p) = p + 12. Calculate r(-3).
9
Let b(z) = -3*z + 6. Determine b(2).
0
Let c(j) = 21*j + 30. Calculate c(8).
198
Let n(y) = -4*y - 5. Give n(-5).
15
Let v(z) = -z**2 + 9*z - 9. Calculate v(8).
-1
Let n(h) = h**2 + 21*h + 15. Give n(-19).
-23
Let j(z) = -127*z + 1. What is j(1)?
-126
Let d(x) = x**2 - 12*x - 63. Determine d(15).
-18
Let p(n) = n**2 + 2*n + 25. What is p(0)?
25
Let s(m) = m**2 + 8*m + 5. What is s(-7)?
-2
Let o(l) = l**3 + 2*l**2 - l + 2. What is o(-3)?
-4
Let x(q) = 5*q**2 - 2*q - 4. Calculate x(-1).
3
Let u(h) = h**2 - 7*h + 7. Give u(7).
7
Let g(y) = -9*y + 1. Determine g(-1).
10
Let o(s) = 21*s - 52. Give o(4).
32
Let w(c) = 7*c**3 + 9*c**2 + 12*c + 4. Determine w(-1).
-6
Let l(q) = -q - 22. Calculate l(-14).
-8
Let i(v) = -12*v + 1. Calculate i(-1).
13
Let n(p) = 14*p - 63. Determine n(6).
21
Let l(z) = 12*z - 3. Give l(-12).
-147
Let m(b) = -b**3 + 5*b**2 - 6*b + 3. What is m(2)?
3
Let j(z) = -z**2 + 10. Determine j(5).
-15
Let m(w) = w**2 + 17*w + 3. What is m(5)?
113
Let c(y) = y**3 - 2*y**2 - 6*y + 12. Give c(4).
20
Let u(v) = -12*v - 65. What is u(-5)?
-5
Let x(g) = -22*g**3 - 2*g**2 + g. Calculate x(1).
-23
Let u(v) = 47*v**3 - v**2 - 2*v + 2. Give u(1).
46
Let k(o) = -o**2 + 2*o + 8. What is k(4)?
0
Let y(x) = x**2 + 33*x + 90. Give y(-30).
0
Let d(w) = -w**3 - 6*w**2 + 8*w - 1. Determine d(-6).
-49
Let o(y) = -y**3 + 6*y**2 + 8*y - 3. Determine o(6).
45
Let u(g) = 2*g**2 - g - 25. Calculate u(-4).
11
Let f(x) = 2*x + 36. Calculate f(-15).
6
Let m(y) = -33*y**2 + 3*y + 2. Give m(-1).
-34
Let n(i) = -i**3 - 14*i**2 - 9*i - 11. What is n(-12)?
-191
Let u(d) = -d**3 - 10*d**2 + 8*d - 30. Determine u(-11).
3
Let m(z) = z**2 - 5*z - 3. Give m(5).
-3
Let y(i) = -i**3 + 10*i - 3. Determine y(5).
-78
Let c(o) = -77*o + 469. What is c(6)?
7
Let a(x) = -x**3 - 10*x**2 - 14*x + 30. Calculate a(-8).
14
Let j(t) = 3*t - 7. What is j(4)?
5
Let v(d) = d**2 + d + 7. Give v(3).
19
Let a(q) = -q**2 + 14*q + 27. Determine a(15).
12
Let a(t) = -2*t**2 + 4*t + 1. Give a(4).
-15
Let z(s) = 10*s - 6. Give z(-1).
-16
Let k(t) = t**3 - 12*t**2 + 14*t + 27. Calculate k(11).
60
Let o(k) = -6*k - 2. Calculate o(-3).
16
Let b(i) = i**3 + 10*i**2 - 23*i + 20. Give b(-12).
8
Let a(w) = -w**3 + 14*w**2 - 23*w - 4. Calculate a(12).
8
Let w(f) = -3*f**2 - 7*f - 8. Determine w(-1).
-4
Let z(r) = -r + 40. Determine z(0).
40
Let x(b) = -3*b - 8. What is x(-4)?
4
Let l(q) = -q**2 - 17*q - 20. Determine l(-16).
-4
Let n(g) = -19*g - 722. Give n(-38).
0
Let v(c) = c**2 - 12*c + 5. Give v(9).
-22
Let j(m) = 2*m**2 - 2*m + 4. Calculate j(-3).
28
Let d(a) = -a**3 - 18*a**2 + 20*a + 31. Calculate d(-19).
12
Let z(m) = 2*m - 11. Give z(13).
15
Let w(t) = -t**3 + 4*t**2 + 9*t + 14. Determine w(6).
-4
Let s(l) = l**2 + 15*l + 13. What is s(-12)?
-23
Let b(a) = -152*a - 594. Determine b(-4).
14
Let y(m) = m**3 + 29*m**2 + 28*m - 13. Give y(-28).
-13
Let k(f) = -3*f**2 - 4*f - 1. Calculate k(-1).
0
Let l(c) = 3*c + 23. Give l(-8).
-1
Let r(m) = -16*m - 109. What is r(-7)?
3
Let c(j) = -6*j + 136. Calculate c(24).
-8
Let b(n) = n**3 + 2*n**2 - 122*n - 29. Determine b(-12).
-5
Let x(u) = -2*u - 19. Give x(-7).
-5
Let z(c) = -5*c**2 + 20*c + 6. Give z(4).
6
Let k(s) = 9*s**2 + 2*s - 1. Give k(1).
10
Let m(q) = q**2 + 15*q - 56. Calculate m(-18).
-2
Let x(f) = -f**2 - 82*f - 85. Give x(-81).
-4
Let y(b) = 9*b + 155. Determine y(-17).
2
Let d(t) = t**3 - 5*t**2 + 9*t - 38. Give d(5).
7
Let q(m) = 5*m + 7. Give q(6).
37
Let y(r) = r**3 + r**2 - 3*r + 9. What is y(-4)?
-27
Let u(t) = -t**2 + 6*t - 7. Give u(2).
1
Let z(q) = q**3 + 24*q**2 - 50*q + 40. Give z(-26).
-12
Let j(t) = 3*t + 12. Determine j(-4).
0
Let c(a) = a**2 - 2*a. Determine c(6).
24
Let j(q) = -q**2 + 21*q + 40. Calculate j(23).
-6
Let b(o) = -11*o + 105. What is b(7)?
28
Let l(b) = b**2 - 11*b + 6. Determine l(13).
32
Let s(f) = -f**3 + 7*f**2 - 40. Give s(6).
-4
Let f(j) = -5*j - 10. Determine f(-5).
15
Let v(s) = -s**3 - 14*s**2 + s + 18. Give v(-14).
4
Let f(z) = 7*z**2 - 98*z - 5. What is f(14)?
-5
Let s(m) = 7*m**2 + 2*m. Calculate s(-1).
5
Let t(r) = r**3 - 7*r**2 - 10*r + 17. What is t(8)?
1
Let q(y) = -y + 31. Give q(18).
13
Let i(u) = 8*u - 100. Determine i(12).
-4
Let y(p) = -3*p**3 + 46*p**2 - 17*p + 29. What is y(15)?
-1
Let g(h) = 20*h**2 + 7*h - 2. What is g(2)?
92
Let h(z) = -2*z**2 - 36*z + 78. What is h(-20)?
-2
Let f(q) = -q**3 - 4*q**2 - q - 58. Calculate f(-6).
20
Let x(d) = -d + 2. Determine x(11).
-9
Let d(o) = -o**3 + o**2 + o + 3. Give d(-3).
36
Let i(d) = d**2 - 26*d + 57. Calculate i(23).
-12
Let t(f) = f**2 + 23*f + 14. Determine t(-9).
-112
Let s(j) = -j**3 - j - 2. What is s(-2)?
8
Let y(q) = -q - 4. What is y(3)?
-7
Let p(w) = w**3 - 14*w**2 - 14*w - 11. Calculate p(15).
4
Let m(l) = l**3 + 6*l**2 - 23*l - 51. Determine m(-8).
5
Let y(o) = 3*o + 30. Determine y(-8).
6
Let m(c) = c + 31. Determine m(-13).
18
Let k(c) = -c**3 - 17*c**2 - 14*c + 16. Give k(-16).
-16
Let l(v) = v**3 - 6*v**2 - 42*v + 12. Calculate l(10).
-8
